36)/5 - 10/(-50). Let u = 9 + m. Suppose b + u*j - 5 = 3, 0 = -2*j + 4. What are the prime factors of b?
2
Suppose 6*u - 4*r = u + 43, -2*u - 3*r = -8. Suppose 0 = -3*a - u + 1. List the prime factors of a/(-1 + -1) - -7.
2
Let o(v) = 7*v + 2. Let x be o(5). Let b = 26 - x. What are the prime factors of 11/b + 47 + 1?
47
Let o(u) = 2*u**2 + u. Let h be o(-2). Let z(n) = 2*n**2 - 4*n - 8. Let x be z(h). Suppose 10*f = 5*f + x. What are the prime factors of f?
2
Suppose 911 = k - 4*w, -4*k - 3*w + 3606 = -0*w. List the prime factors of k.
3, 7, 43
Let r = -37 - -10. List the prime factors of 29 + r - 41*(-2)/2.
43
Suppose 10*w - 1312 = 2728. What are the prime factors of w?
2, 101
Let n = -4 - -1. Let b be (n + 12)*5/3. Suppose 70 = 5*x + b. What are the prime factors of x?
11
Let p(c) = 180*c**2 - 2*c + 3. List the prime factors of p(1).
181
Suppose 0 = 4*s + 20, 0 = c + 5*s - 0*s - 250. What are the prime factors of c?
5, 11
Let o = -16 + 9. What are the prime factors of (-32)/(-28)*o/(-2)?
2
Let j = 101 + -34. Let u = j - 43. List the prime factors of (u/(-16))/((-3)/62).
31
Let j = 29 - 34. List the prime factors of (-1*11)/(48/10 + j).
5, 11
Let z(a) = 5*a + 14. Let n be z(-13). Let k = -29 - n. Suppose -3*d = -5*d + 2*i + 26, -2*i = 4*d - k. What are the prime factors of d?
2
List the prime factors of 3150 - 58 - (-2*2 - -1).
5, 619
Let t(b) = 2*b + 3. Let c be t(1). Suppose c*u - 1041 + 281 = 0. Suppose 4*i + q = 4*q + 184, -u = -4*i - 5*q. What are the prime factors of i?
43
Suppose -2*z = -1697 + 555. List the prime factors of z.
571
Let h = 1130 + -1082. What are the prime factors of h?
2, 3
Let m = -496 - -1140. What are the prime factors of m?
2, 7, 23
Suppose -3*x + 9 + 0 = 0. Suppose 0 = 2*w - 3*w + x. List the prime factors of (3 - w) + (3 - -13).
2
Let v(a) = 624*a + 41. List the prime factors of v(2).
1289
Let u(r) = r**2 + 6*r - 3. Let t = -11 + 4. Let q be u(t). List the prime factors of ((-4)/q)/(3/(-90)).
2, 3, 5
Let y(s) = -s**2 + 7*s - 3. Let j be y(6). Suppose 30 = -17*g + 22*g. List the prime factors of (j - g)/((-6)/28).
2, 7
Let i(n) = n**2 - 2*n + 1. Let j be i(3). Suppose -j*g + g = -117. Suppose 1 = -2*h + g. List the prime factors of h.
19
Let b be 2 - ((-3 - 1) + 0). Let s(p) be the second derivative of -p**5/20 + p**4/2 + 3*p**2/2 + p. What are the prime factors of s(b)?
3
Let s(t) = -3*t**3 - 8*t**2 + 19*t + 13. What are the prime factors of s(-7)?
11, 47
Suppose -n + 524 = s - 0*s, 3*n - 2630 = -5*s. What are the prime factors of s?
23
Let w(l) = 2*l**2 + 1. Let k be w(-1). Let g be 0*(3 + (-44)/16)*-4. Suppose k = c - g. What are the prime factors of c?
3
Suppose 26*b = 25*b + 171. List the prime factors of b.
3, 19
Suppose 2*c + 10*p = 9*p + 286, 2*c = 3*p + 302. What are the prime factors of c?
5, 29
Let a(s) = 34*s**3 + 10*s**2 - 32*s + 11. What are the prime factors of a(4)?
7, 317
Let x(h) = -3*h**2 - 2*h + 2. Let q be x(0). Suppose 216 = 5*i - 6*m + 2*m, 2*i - q*m - 86 = 0. List the prime factors of i.
2, 11
Suppose 2*q - 5*q - 114 = 0. Let n = q - -61. Suppose -137 = -5*v + n. What are the prime factors of v?
2
Let d = -17 - -18. Let b be -14 + 1 - 2/d. Let f = 15 - b. List the prime factors of f.
2, 3, 5
Let h be (2 - 4) + 11 + -6. Suppose -i + 81 = h*o, -5*i - 2*o = -2*i - 215. What are the prime factors of i?
3, 23
Suppose -1954 = -7*y + 4451. List the prime factors of y.
3, 5, 61
Suppose -r + 3*o + 637 = -0*r, -o = -2. Let n = r + -445. What are the prime factors of n?
2, 3, 11
Let m(l) = -l + 13. Let w be m(7). List the prime factors of (2 + -12)/((-2)/w).
2, 3, 5
Let t(f) = f - 11. Let z be t(13). Suppose -2*p = -3*p + z*r, 4*r = -8. List the prime factors of p*(-1 - (-147)/(-12)).
53
Let d = 47 + -27. Let h = d - 18. What are the prime factors of ((-28)/5 - h)*-5?
2, 19
Let c be (6/5)/(9/30). Suppose -3*d + 76 = -38. Suppose -154 = -c*a + d. List the prime factors of a.
2, 3
What are the prime factors of (-6)/12*(-1073 + -5)?
7, 11
Suppose -2*q - 4*m - 28 = 4, -q + 4*m = -14. Let g = 37 - 25. What are the prime factors of q/(-4) - (-126)/g?
2, 3
Let j be ((-55)/15)/((-1)/(-6)). Let r = j - -48. What are the prime factors of r?
2, 13
Let a(k) = 3*k**2 - 3*k - 11*k**3 - 5*k**3 - 2*k**3 + 7*k. What are the prime factors of a(-1)?
17
Suppose m + m - 120 = 0. Let l = m - 35. What are the prime factors of l?
5
Suppose 0*y - 2*y - 6 = 0, b = -2*y + 248. List the prime factors of b.
2, 127
Let n = -25 - -41. Let d be ((-8)/(-6))/(n/24). Suppose -5*z + d*c = -82, 4*c = -4*z - c + 92. What are the prime factors of z?
2, 3
Let c = 63 + -27. Suppose h - 3*l = 21, -l = 2*h - 4*l - c. Let x = h + 6. What are the prime factors of x?
3, 7
Let j(b) = -31*b - 23. List the prime factors of j(-70).
19, 113
What are the prime factors of (-222)/(-24) - 9 - 3086/(-8)?
2, 193
Let k = 30 + -25. Suppose 2*n - 5 = k. Let z = n - -27. List the prime factors of z.
2
Suppose 5*i + 13 = 6*i. Let n(m) = -m**2 + 8*m + 5. Let s be n(8). Let w = i + s. What are the prime factors of w?
2, 3
Let o(k) = 5*k**2 + 6*k - 6. Let l be o(3). Let h = l - 32. Suppose h = 3*v - 80. What are the prime factors of v?
5, 7
Suppose 0 = -25*z + 64*z - 92352. List the prime factors of z.
2, 37
Suppose 2*z + 18 = -2*l, 6 = l - 4*z - 5. Let w = l - -17. List the prime factors of (-60)/(-20)*w/2.
2, 3
Suppose 12*k + 188 = 6344. Let g = 749 - k. List the prime factors of g.
2, 59
What are the prime factors of (15/(-45))/((-1)/1467)?
3, 163
Let f = 4633 + -2613. List the prime factors of f.
2, 5, 101
What are the prime factors of (2 + -3 - 906)/((-23)/115)?
5, 907
Suppose -94 = -4*l - 2*r + 5*r, 2*l + 4*r - 36 = 0. Suppose -l + 105 = m. What are the prime factors of m?
83
Suppose 2*c - 3 = 5*m + 23, -c = -5*m - 13. Suppose -f + 0*p = -4*p - c, 3*f - 21 = 3*p. Suppose -f*g = -6*g + 19. What are the prime factors of g?
19
Let w = 1216 + -935. What are the prime factors of w?
281
Suppose 0 = -5*t - y + 811, 968 - 318 = 4*t + 2*y. Suppose t = 2*k - 3*u, -166 - 160 = -4*k + 5*u. List the prime factors of k.
2, 3, 7
Let k = -19 - -24. Suppose -15 = d + 2*d, -k*d = y - 8. What are the prime factors of y?
3, 11
Let p(j) = -j**2 - 8*j - 4. Let s be p(-4). Suppose -5*x + 2*x + s = 0. Suppose -2*b + x*z + 34 = z, 2*b - 26 = -z. List the prime factors of b.
2, 7
Let w be (-4 + 4)*((-6)/(-4) + -2). Suppose -3*k = -2*r - 268, -2*k + w*r = -4*r - 184. List the prime factors of k.
2, 11
Suppose -2200 = -8*i + 3*i. Suppose -5*h = 100 - i. List the prime factors of h.
2, 17
Let n(a) = a**3 - 11*a**2 - 11*a - 10. Let i be 13 + -1 + 1 + -1. Let g be n(i). Suppose 3 + 5 = g*f. List the prime factors of f.
2
Let r(z) = 2*z**2 + 9*z + 6. Suppose 0 = -4*y - 20, 15 = 3*g - 0*y - 3*y. Suppose -4*j - 28 + 4 = g. List the prime factors of r(j).
2, 3
Suppose -101 - 709 = 9*t. Let y = -13 - t. What are the prime factors of y?
7, 11
Let k(z) = 241*z**2 - 3*z - 19. What are the prime factors of k(-2)?
3, 317
Let s = 241 + 217. List the prime factors of s.
2, 229
Suppose 4*v - 16*v + 18708 = 0. What are the prime factors of v?
1559
Let j(i) = 140*i - 177. What are the prime factors of j(9)?
3, 19
Suppose -1 + 6 = o. Suppose 62 = 2*p - 4*l - 40, 0 = 2*p + 3*l - 102. Let j = p - o. List the prime factors of j.
2, 23
Suppose -5*l = -0*d - 3*d + 658, -3*l = 5*d - 1074. Suppose 2 = -5*m + 22. What are the prime factors of d/28 + m/14?
2
Let i(g) = 4*g**2 - 38*g + 6. List the prime factors of i(22).
2, 7, 79
Let g(r) = -r**2. Let x(a) = -6*a**2 + 6*a - 16. Let t(q) = 5*g(q) - x(q). What are the prime factors of t(9)?
43
Suppose -3*x = 4*d - 2*x - 140, -4*d + 164 = -5*x. Suppose -d*g = -41*g + 75. List the prime factors of g.
3, 5
Let h(l) = -2 + 2 - 5*l + 1. Let u be h(-1). List the prime factors of (-125)/(-4) - u/24.
31
Suppose 4378 = 3*w - 4*a, -14*a - 7250 = -5*w - 19*a. What are the prime factors of w?
2, 727
Let l(i) = 2*i**2 - 7*i + 5. Let b be l(5). Suppose 0 = -4*a + 16. Suppose -b = -a*s + 2*d, d - 2*d = 4. List the prime factors of s.
3
Let i(x) = x**2 + 3*x + 17. What are the prime factors of i(-4)?
3, 7
List the prime factors of 15/(-40) + (185163/24)/11.
701
Let z = 903 - 277. List the prime factors of z.
2, 313
Let w(v) = 5*v**2 + 25*v + 90. List the prime factors of w(-12